{"id":47582,"date":"2021-11-04T13:55:12","date_gmt":"2021-11-04T12:55:12","guid":{"rendered":"https:\/\/fondazionecrfirenze.it\/wp-content\/uploads\/2021\/11\/00039_Panorama.jpg"},"modified":"2023-01-25T10:50:13","modified_gmt":"2023-01-25T09:50:13","slug":"00039_panorama-2-2","status":"inherit","type":"attachment","link":"https:\/\/fondazionecrfirenze.it\/en\/00039_panorama-2-2\/","title":{"rendered":"Attribuito a CHERUBINO E GIOVANNI ALBERTI DA SANSEPOLCRO"},"author":2,"featured_media":0,"comment_status":"closed","ping_status":"closed","template":"","meta":{"_acf_changed":false,"_uag_custom_page_level_css":""},"class_list":["post-47582","attachment","type-attachment","status-inherit","hentry"],"acf":[],"yoast_head":"<!-- This site is optimized with the Yoast SEO plugin v27.4 - https:\/\/yoast.com\/product\/yoast-seo-wordpress\/ -->\n<title>Attribuito a CHERUBINO E GIOVANNI ALBERTI DA SANSEPOLCRO - Fondazione CR Firenze<\/title>\n<meta name=\"robots\" content=\"index, follow, max-snippet:-1, max-image-preview:large, max-video-preview:-1\" \/>\n<link rel=\"canonical\" href=\"https:\/\/fondazionecrfirenze.it\/wp-content\/uploads\/2021\/11\/00039_Panorama.jpg\" \/>\n<meta property=\"og:locale\" content=\"en_US\" \/>\n<meta property=\"og:type\" content=\"article\" \/>\n<meta property=\"og:title\" content=\"Attribuito a CHERUBINO E GIOVANNI ALBERTI DA SANSEPOLCRO - Fondazione CR Firenze\" \/>\n<meta property=\"og:description\" content=\"Attribuito a\u00a0Cherubino e Alberti da Sansepolcro (Sansepolcro 1553 \u2013 Roma 1615 \/ Sansepolcro 1558 \u2013 Roma 1601)Cristo flagellatoultimo quarto del XVI secoloaffresco staccato\" \/>\n<meta property=\"og:url\" content=\"https:\/\/fondazionecrfirenze.it\/wp-content\/uploads\/2021\/11\/00039_Panorama.jpg\" \/>\n<meta property=\"og:site_name\" content=\"Fondazione CR Firenze\" \/>\n<meta property=\"article:modified_time\" content=\"2023-01-25T09:50:13+00:00\" \/>\n<meta property=\"og:image\" content=\"https:\/\/fondazionecrfirenze.it\/wp-content\/uploads\/2021\/11\/00039_Panorama.jpg\" \/>\n\t<meta property=\"og:image:width\" content=\"1236\" \/>\n\t<meta property=\"og:image:height\" content=\"1372\" \/>\n\t<meta property=\"og:image:type\" content=\"image\/jpeg\" \/>\n<meta name=\"twitter:card\" content=\"summary_large_image\" \/>\n<script type=\"application\/ld+json\" class=\"yoast-schema-graph\">{\"@context\":\"https:\\\/\\\/schema.org\",\"@graph\":[{\"@type\":\"WebPage\",\"@id\":\"https:\\\/\\\/fondazionecrfirenze.it\\\/wp-content\\\/uploads\\\/2021\\\/11\\\/00039_Panorama.jpg\",\"url\":\"https:\\\/\\\/fondazionecrfirenze.it\\\/wp-content\\\/uploads\\\/2021\\\/11\\\/00039_Panorama.jpg\",\"name\":\"Attribuito a CHERUBINO E GIOVANNI ALBERTI DA SANSEPOLCRO - Fondazione CR Firenze\",\"isPartOf\":{\"@id\":\"https:\\\/\\\/fondazionecrfirenze.it\\\/#website\"},\"datePublished\":\"2021-11-04T12:55:12+00:00\",\"dateModified\":\"2023-01-25T09:50:13+00:00\",\"breadcrumb\":{\"@id\":\"https:\\\/\\\/fondazionecrfirenze.it\\\/wp-content\\\/uploads\\\/2021\\\/11\\\/00039_Panorama.jpg#breadcrumb\"},\"inLanguage\":\"en-US\",\"potentialAction\":[{\"@type\":\"ReadAction\",\"target\":[\"https:\\\/\\\/fondazionecrfirenze.it\\\/wp-content\\\/uploads\\\/2021\\\/11\\\/00039_Panorama.jpg\"]}]},{\"@type\":\"BreadcrumbList\",\"@id\":\"https:\\\/\\\/fondazionecrfirenze.it\\\/wp-content\\\/uploads\\\/2021\\\/11\\\/00039_Panorama.jpg#breadcrumb\",\"itemListElement\":[{\"@type\":\"ListItem\",\"position\":1,\"name\":\"Home\",\"item\":\"https:\\\/\\\/fondazionecrfirenze.it\\\/en\\\/\"},{\"@type\":\"ListItem\",\"position\":2,\"name\":\"Attribuito a CHERUBINO E GIOVANNI ALBERTI DA SANSEPOLCRO\"}]},{\"@type\":\"WebSite\",\"@id\":\"https:\\\/\\\/fondazionecrfirenze.it\\\/#website\",\"url\":\"https:\\\/\\\/fondazionecrfirenze.it\\\/\",\"name\":\"Fondazione CR Firenze\",\"description\":\"Siamo un&#039;istituzione filantropica che opera sul territorio grazie agli utili del nostro patrimonio. La nostra Storia guarda al Futuro.\",\"potentialAction\":[{\"@type\":\"SearchAction\",\"target\":{\"@type\":\"EntryPoint\",\"urlTemplate\":\"https:\\\/\\\/fondazionecrfirenze.it\\\/?s={search_term_string}\"},\"query-input\":{\"@type\":\"PropertyValueSpecification\",\"valueRequired\":true,\"valueName\":\"search_term_string\"}}],\"inLanguage\":\"en-US\"}]}<\/script>\n<!-- \/ Yoast SEO plugin. -->","yoast_head_json":{"title":"Attribuito a CHERUBINO E GIOVANNI ALBERTI DA SANSEPOLCRO - Fondazione CR Firenze","robots":{"index":"index","follow":"follow","max-snippet":"max-snippet:-1","max-image-preview":"max-image-preview:large","max-video-preview":"max-video-preview:-1"},"canonical":"https:\/\/fondazionecrfirenze.it\/wp-content\/uploads\/2021\/11\/00039_Panorama.jpg","og_locale":"en_US","og_type":"article","og_title":"Attribuito a CHERUBINO E GIOVANNI ALBERTI DA SANSEPOLCRO - Fondazione CR Firenze","og_description":"Attribuito a\u00a0Cherubino e Alberti da Sansepolcro (Sansepolcro 1553 \u2013 Roma 1615 \/ Sansepolcro 1558 \u2013 Roma 1601)Cristo flagellatoultimo quarto del XVI secoloaffresco staccato","og_url":"https:\/\/fondazionecrfirenze.it\/wp-content\/uploads\/2021\/11\/00039_Panorama.jpg","og_site_name":"Fondazione CR Firenze","article_modified_time":"2023-01-25T09:50:13+00:00","og_image":[{"width":1236,"height":1372,"url":"https:\/\/fondazionecrfirenze.it\/wp-content\/uploads\/2021\/11\/00039_Panorama.jpg","type":"image\/jpeg"}],"twitter_card":"summary_large_image","schema":{"@context":"https:\/\/schema.org","@graph":[{"@type":"WebPage","@id":"https:\/\/fondazionecrfirenze.it\/wp-content\/uploads\/2021\/11\/00039_Panorama.jpg","url":"https:\/\/fondazionecrfirenze.it\/wp-content\/uploads\/2021\/11\/00039_Panorama.jpg","name":"Attribuito a CHERUBINO E GIOVANNI ALBERTI DA SANSEPOLCRO - Fondazione CR Firenze","isPartOf":{"@id":"https:\/\/fondazionecrfirenze.it\/#website"},"datePublished":"2021-11-04T12:55:12+00:00","dateModified":"2023-01-25T09:50:13+00:00","breadcrumb":{"@id":"https:\/\/fondazionecrfirenze.it\/wp-content\/uploads\/2021\/11\/00039_Panorama.jpg#breadcrumb"},"inLanguage":"en-US","potentialAction":[{"@type":"ReadAction","target":["https:\/\/fondazionecrfirenze.it\/wp-content\/uploads\/2021\/11\/00039_Panorama.jpg"]}]},{"@type":"BreadcrumbList","@id":"https:\/\/fondazionecrfirenze.it\/wp-content\/uploads\/2021\/11\/00039_Panorama.jpg#breadcrumb","itemListElement":[{"@type":"ListItem","position":1,"name":"Home","item":"https:\/\/fondazionecrfirenze.it\/en\/"},{"@type":"ListItem","position":2,"name":"Attribuito a CHERUBINO E GIOVANNI ALBERTI DA SANSEPOLCRO"}]},{"@type":"WebSite","@id":"https:\/\/fondazionecrfirenze.it\/#website","url":"https:\/\/fondazionecrfirenze.it\/","name":"Fondazione CR Firenze","description":"Siamo un&#039;istituzione filantropica che opera sul territorio grazie agli utili del nostro patrimonio. La nostra Storia guarda al Futuro.","potentialAction":[{"@type":"SearchAction","target":{"@type":"EntryPoint","urlTemplate":"https:\/\/fondazionecrfirenze.it\/?s={search_term_string}"},"query-input":{"@type":"PropertyValueSpecification","valueRequired":true,"valueName":"search_term_string"}}],"inLanguage":"en-US"}]}},"description":{"rendered":"<p class=\"attachment\"><a href='https:\/\/fondazionecrfirenze.it\/wp-content\/uploads\/2021\/11\/00039_Panorama.jpg'><img loading=\"lazy\" decoding=\"async\" width=\"270\" height=\"300\" src=\"https:\/\/fondazionecrfirenze.it\/wp-content\/uploads\/2021\/11\/00039_Panorama-270x300.jpg\" class=\"attachment-medium size-medium\" alt=\"\" srcset=\"https:\/\/fondazionecrfirenze.it\/wp-content\/uploads\/2021\/11\/00039_Panorama-270x300.jpg 270w, https:\/\/fondazionecrfirenze.it\/wp-content\/uploads\/2021\/11\/00039_Panorama-922x1024.jpg 922w, https:\/\/fondazionecrfirenze.it\/wp-content\/uploads\/2021\/11\/00039_Panorama-600x666.jpg 600w, https:\/\/fondazionecrfirenze.it\/wp-content\/uploads\/2021\/11\/00039_Panorama-768x853.jpg 768w, https:\/\/fondazionecrfirenze.it\/wp-content\/uploads\/2021\/11\/00039_Panorama.jpg 1236w\" sizes=\"auto, (max-width: 270px) 100vw, 270px\" \/><\/a><\/p>\n<p>L\u2019imponente opera \u00e8 un affresco staccato proveniente dal Monte di Piet\u00e0 di San Sepolcro. I fratelli Alberti lavorarono al Monte verso la fine del XVI secolo. La maestosa figura di Cristo \u00e8 protagonista della composizione, incorniciata da un\u2019architettura essenziale. Attaccato a una colonna spezzata, Ges\u00f9 sta per essere percosso con le verghe poste ai suoi piedi. Nell\u2019attesa del supplizio, come un agnello sacrificale, mostra il corpo possente, modellato dal chiaroscuro, che non accenna a nessun atto di ribellione, ma accetta il proprio destino.<\/p>\n"},"caption":{"rendered":"<p><strong>Attribuito a\u00a0Cherubino e Alberti da Sansepolcro<\/strong> (Sansepolcro 1553 \u2013 Roma 1615 \/ Sansepolcro 1558 \u2013 Roma 1601)<br \/><em>Cristo flagellato<strong><br \/><\/strong><\/em>ultimo quarto del XVI secolo<br \/>affresco staccato<\/p>\n"},"alt_text":"","media_type":"image","mime_type":"image\/jpeg","media_details":{"width":1236,"height":1372,"file":"2021\/11\/00039_Panorama.jpg","sizes":{"medium":{"file":"00039_Panorama-270x300.jpg","width":270,"height":300,"mime_type":"image\/jpeg","source_url":"https:\/\/fondazionecrfirenze.it\/wp-content\/uploads\/2021\/11\/00039_Panorama-270x300.jpg"},"large":{"file":"00039_Panorama-922x1024.jpg","width":922,"height":1024,"mime_type":"image\/jpeg","source_url":"https:\/\/fondazionecrfirenze.it\/wp-content\/uploads\/2021\/11\/00039_Panorama-922x1024.jpg"},"thumbnail":{"file":"00039_Panorama-150x150.jpg","width":150,"height":150,"mime_type":"image\/jpeg","source_url":"https:\/\/fondazionecrfirenze.it\/wp-content\/uploads\/2021\/11\/00039_Panorama-150x150.jpg"},"us_350_350_crop":{"file":"00039_Panorama-350x350.jpg","width":350,"height":350,"mime_type":"image\/jpeg","source_url":"https:\/\/fondazionecrfirenze.it\/wp-content\/uploads\/2021\/11\/00039_Panorama-350x350.jpg"},"us_600_600_crop":{"file":"00039_Panorama-600x600.jpg","width":600,"height":600,"mime_type":"image\/jpeg","source_url":"https:\/\/fondazionecrfirenze.it\/wp-content\/uploads\/2021\/11\/00039_Panorama-600x600.jpg"},"us_600_0":{"file":"00039_Panorama-600x666.jpg","width":600,"height":666,"mime_type":"image\/jpeg","source_url":"https:\/\/fondazionecrfirenze.it\/wp-content\/uploads\/2021\/11\/00039_Panorama-600x666.jpg"},"us_600_400_crop":{"file":"00039_Panorama-600x400.jpg","width":600,"height":400,"mime_type":"image\/jpeg","source_url":"https:\/\/fondazionecrfirenze.it\/wp-content\/uploads\/2021\/11\/00039_Panorama-600x400.jpg"},"us_768_0":{"file":"00039_Panorama-768x853.jpg","width":768,"height":853,"mime_type":"image\/jpeg","source_url":"https:\/\/fondazionecrfirenze.it\/wp-content\/uploads\/2021\/11\/00039_Panorama-768x853.jpg"},"full":{"file":"00039_Panorama.jpg","width":1236,"height":1372,"mime_type":"image\/jpeg","source_url":"https:\/\/fondazionecrfirenze.it\/wp-content\/uploads\/2021\/11\/00039_Panorama.jpg"}},"image_meta":{"aperture":"0","credit":"","camera":"","caption":"","created_timestamp":"0","copyright":"","focal_length":"0","iso":"0","shutter_speed":"0","title":"","orientation":"0","keywords":[]}},"post":null,"source_url":"https:\/\/fondazionecrfirenze.it\/wp-content\/uploads\/2021\/11\/00039_Panorama.jpg","_links":{"self":[{"href":"https:\/\/fondazionecrfirenze.it\/en\/wp-json\/wp\/v2\/media\/47582","targetHints":{"allow":["GET"]}}],"collection":[{"href":"https:\/\/fondazionecrfirenze.it\/en\/wp-json\/wp\/v2\/media"}],"about":[{"href":"https:\/\/fondazionecrfirenze.it\/en\/wp-json\/wp\/v2\/types\/attachment"}],"author":[{"embeddable":true,"href":"https:\/\/fondazionecrfirenze.it\/en\/wp-json\/wp\/v2\/users\/2"}],"replies":[{"embeddable":true,"href":"https:\/\/fondazionecrfirenze.it\/en\/wp-json\/wp\/v2\/comments?post=47582"}]}}

<p class="attachment"><a href='https://fondazionecrfirenze.it/wp-content/uploads/2021/11/00039_Panorama.jpg'><img loading="lazy" decoding="async" width="270" height="300" src="https://fondazionecrfirenze.it/wp-content/uploads/2021/11/00039_Panorama-270x300.jpg" class="attachment-medium size-medium" alt="" srcset="https://fondazionecrfirenze.it/wp-content/uploads/2021/11/00039_Panorama-270x300.jpg 270w, https://fondazionecrfirenze.it/wp-content/uploads/2021/11/00039_Panorama-922x1024.jpg 922w, https://fondazionecrfirenze.it/wp-content/uploads/2021/11/00039_Panorama-600x666.jpg 600w, https://fondazionecrfirenze.it/wp-content/uploads/2021/11/00039_Panorama-768x853.jpg 768w, https://fondazionecrfirenze.it/wp-content/uploads/2021/11/00039_Panorama.jpg 1236w" sizes="auto, (max-width: 270px) 100vw, 270px" /></a></p>
<p>L’imponente opera è un affresco staccato proveniente dal Monte di Pietà di San Sepolcro. I fratelli Alberti lavorarono al Monte verso la fine del XVI secolo. La maestosa figura di Cristo è protagonista della composizione, incorniciata da un’architettura essenziale. Attaccato a una colonna spezzata, Gesù sta per essere percosso con le verghe poste ai suoi piedi. Nell’attesa del supplizio, come un agnello sacrificale, mostra il corpo possente, modellato dal chiaroscuro, che non accenna a nessun atto di ribellione, ma accetta il proprio destino.</p>
