{"id":47532,"date":"2021-11-04T13:11:08","date_gmt":"2021-11-04T12:11:08","guid":{"rendered":"https:\/\/fondazionecrfirenze.it\/wp-content\/uploads\/2021\/11\/maestro-toscano.jpg"},"modified":"2023-01-25T10:40:44","modified_gmt":"2023-01-25T09:40:44","slug":"maestro-toscano-2","status":"inherit","type":"attachment","link":"https:\/\/fondazionecrfirenze.it\/en\/maestro-toscano-2\/","title":{"rendered":"MAESTRO TOSCANO"},"author":2,"featured_media":0,"comment_status":"closed","ping_status":"closed","template":"","meta":{"_acf_changed":false,"_uag_custom_page_level_css":""},"class_list":["post-47532","attachment","type-attachment","status-inherit","hentry"],"acf":[],"yoast_head":"<!-- This site is optimized with the Yoast SEO plugin v27.4 - https:\/\/yoast.com\/product\/yoast-seo-wordpress\/ -->\n<title>MAESTRO TOSCANO - Fondazione CR Firenze<\/title>\n<meta name=\"robots\" content=\"index, follow, max-snippet:-1, max-image-preview:large, max-video-preview:-1\" \/>\n<link rel=\"canonical\" href=\"https:\/\/fondazionecrfirenze.it\/wp-content\/uploads\/2021\/11\/maestro-toscano.jpg\" \/>\n<meta property=\"og:locale\" content=\"en_US\" \/>\n<meta property=\"og:type\" content=\"article\" \/>\n<meta property=\"og:title\" content=\"MAESTRO TOSCANO - Fondazione CR Firenze\" \/>\n<meta property=\"og:description\" content=\"Maestro Toscano(XIV secolo)Cristo benedicente, San Pietroseconda met\u00e0 del XIV secolo tempera su tavola\" \/>\n<meta property=\"og:url\" content=\"https:\/\/fondazionecrfirenze.it\/wp-content\/uploads\/2021\/11\/maestro-toscano.jpg\" \/>\n<meta property=\"og:site_name\" content=\"Fondazione CR Firenze\" \/>\n<meta property=\"article:modified_time\" content=\"2023-01-25T09:40:44+00:00\" \/>\n<meta property=\"og:image\" content=\"https:\/\/fondazionecrfirenze.it\/wp-content\/uploads\/2021\/11\/maestro-toscano.jpg\" \/>\n\t<meta property=\"og:image:width\" content=\"1684\" \/>\n\t<meta property=\"og:image:height\" content=\"1008\" \/>\n\t<meta property=\"og:image:type\" content=\"image\/jpeg\" \/>\n<meta name=\"twitter:card\" content=\"summary_large_image\" \/>\n<script type=\"application\/ld+json\" class=\"yoast-schema-graph\">{\"@context\":\"https:\\\/\\\/schema.org\",\"@graph\":[{\"@type\":\"WebPage\",\"@id\":\"https:\\\/\\\/fondazionecrfirenze.it\\\/wp-content\\\/uploads\\\/2021\\\/11\\\/maestro-toscano.jpg\",\"url\":\"https:\\\/\\\/fondazionecrfirenze.it\\\/wp-content\\\/uploads\\\/2021\\\/11\\\/maestro-toscano.jpg\",\"name\":\"MAESTRO TOSCANO - Fondazione CR Firenze\",\"isPartOf\":{\"@id\":\"https:\\\/\\\/fondazionecrfirenze.it\\\/#website\"},\"datePublished\":\"2021-11-04T12:11:08+00:00\",\"dateModified\":\"2023-01-25T09:40:44+00:00\",\"breadcrumb\":{\"@id\":\"https:\\\/\\\/fondazionecrfirenze.it\\\/wp-content\\\/uploads\\\/2021\\\/11\\\/maestro-toscano.jpg#breadcrumb\"},\"inLanguage\":\"en-US\",\"potentialAction\":[{\"@type\":\"ReadAction\",\"target\":[\"https:\\\/\\\/fondazionecrfirenze.it\\\/wp-content\\\/uploads\\\/2021\\\/11\\\/maestro-toscano.jpg\"]}]},{\"@type\":\"BreadcrumbList\",\"@id\":\"https:\\\/\\\/fondazionecrfirenze.it\\\/wp-content\\\/uploads\\\/2021\\\/11\\\/maestro-toscano.jpg#breadcrumb\",\"itemListElement\":[{\"@type\":\"ListItem\",\"position\":1,\"name\":\"Home\",\"item\":\"https:\\\/\\\/fondazionecrfirenze.it\\\/en\\\/\"},{\"@type\":\"ListItem\",\"position\":2,\"name\":\"MAESTRO TOSCANO\"}]},{\"@type\":\"WebSite\",\"@id\":\"https:\\\/\\\/fondazionecrfirenze.it\\\/#website\",\"url\":\"https:\\\/\\\/fondazionecrfirenze.it\\\/\",\"name\":\"Fondazione CR Firenze\",\"description\":\"Siamo un&#039;istituzione filantropica che opera sul territorio grazie agli utili del nostro patrimonio. La nostra Storia guarda al Futuro.\",\"potentialAction\":[{\"@type\":\"SearchAction\",\"target\":{\"@type\":\"EntryPoint\",\"urlTemplate\":\"https:\\\/\\\/fondazionecrfirenze.it\\\/?s={search_term_string}\"},\"query-input\":{\"@type\":\"PropertyValueSpecification\",\"valueRequired\":true,\"valueName\":\"search_term_string\"}}],\"inLanguage\":\"en-US\"}]}<\/script>\n<!-- \/ Yoast SEO plugin. -->","yoast_head_json":{"title":"MAESTRO TOSCANO - Fondazione CR Firenze","robots":{"index":"index","follow":"follow","max-snippet":"max-snippet:-1","max-image-preview":"max-image-preview:large","max-video-preview":"max-video-preview:-1"},"canonical":"https:\/\/fondazionecrfirenze.it\/wp-content\/uploads\/2021\/11\/maestro-toscano.jpg","og_locale":"en_US","og_type":"article","og_title":"MAESTRO TOSCANO - Fondazione CR Firenze","og_description":"Maestro Toscano(XIV secolo)Cristo benedicente, San Pietroseconda met\u00e0 del XIV secolo tempera su tavola","og_url":"https:\/\/fondazionecrfirenze.it\/wp-content\/uploads\/2021\/11\/maestro-toscano.jpg","og_site_name":"Fondazione CR Firenze","article_modified_time":"2023-01-25T09:40:44+00:00","og_image":[{"width":1684,"height":1008,"url":"https:\/\/fondazionecrfirenze.it\/wp-content\/uploads\/2021\/11\/maestro-toscano.jpg","type":"image\/jpeg"}],"twitter_card":"summary_large_image","schema":{"@context":"https:\/\/schema.org","@graph":[{"@type":"WebPage","@id":"https:\/\/fondazionecrfirenze.it\/wp-content\/uploads\/2021\/11\/maestro-toscano.jpg","url":"https:\/\/fondazionecrfirenze.it\/wp-content\/uploads\/2021\/11\/maestro-toscano.jpg","name":"MAESTRO TOSCANO - Fondazione CR Firenze","isPartOf":{"@id":"https:\/\/fondazionecrfirenze.it\/#website"},"datePublished":"2021-11-04T12:11:08+00:00","dateModified":"2023-01-25T09:40:44+00:00","breadcrumb":{"@id":"https:\/\/fondazionecrfirenze.it\/wp-content\/uploads\/2021\/11\/maestro-toscano.jpg#breadcrumb"},"inLanguage":"en-US","potentialAction":[{"@type":"ReadAction","target":["https:\/\/fondazionecrfirenze.it\/wp-content\/uploads\/2021\/11\/maestro-toscano.jpg"]}]},{"@type":"BreadcrumbList","@id":"https:\/\/fondazionecrfirenze.it\/wp-content\/uploads\/2021\/11\/maestro-toscano.jpg#breadcrumb","itemListElement":[{"@type":"ListItem","position":1,"name":"Home","item":"https:\/\/fondazionecrfirenze.it\/en\/"},{"@type":"ListItem","position":2,"name":"MAESTRO TOSCANO"}]},{"@type":"WebSite","@id":"https:\/\/fondazionecrfirenze.it\/#website","url":"https:\/\/fondazionecrfirenze.it\/","name":"Fondazione CR Firenze","description":"Siamo un&#039;istituzione filantropica che opera sul territorio grazie agli utili del nostro patrimonio. La nostra Storia guarda al Futuro.","potentialAction":[{"@type":"SearchAction","target":{"@type":"EntryPoint","urlTemplate":"https:\/\/fondazionecrfirenze.it\/?s={search_term_string}"},"query-input":{"@type":"PropertyValueSpecification","valueRequired":true,"valueName":"search_term_string"}}],"inLanguage":"en-US"}]}},"description":{"rendered":"<p class=\"attachment\"><a href='https:\/\/fondazionecrfirenze.it\/wp-content\/uploads\/2021\/11\/maestro-toscano.jpg'><img loading=\"lazy\" decoding=\"async\" width=\"300\" height=\"180\" src=\"https:\/\/fondazionecrfirenze.it\/wp-content\/uploads\/2021\/11\/maestro-toscano-300x180.jpg\" class=\"attachment-medium size-medium\" alt=\"\" srcset=\"https:\/\/fondazionecrfirenze.it\/wp-content\/uploads\/2021\/11\/maestro-toscano-300x180.jpg 300w, https:\/\/fondazionecrfirenze.it\/wp-content\/uploads\/2021\/11\/maestro-toscano-1024x613.jpg 1024w, https:\/\/fondazionecrfirenze.it\/wp-content\/uploads\/2021\/11\/maestro-toscano-600x359.jpg 600w, https:\/\/fondazionecrfirenze.it\/wp-content\/uploads\/2021\/11\/maestro-toscano-768x460.jpg 768w, https:\/\/fondazionecrfirenze.it\/wp-content\/uploads\/2021\/11\/maestro-toscano.jpg 1684w\" sizes=\"auto, (max-width: 300px) 100vw, 300px\" \/><\/a><\/p>\n<p>Sebbene sia dubbia l\u2019identit\u00e0 del pittore, certa \u00e8 la sua appartenenza al clima culturale toscano della seconda met\u00e0 del XIV secolo, all\u2019ombra del rinnovamento artistico iniziato da Giotto. Il Cristo Benedicente riprende infatti nella composizione un noto polittico di Giotto esposto oggi al North Carolaina Museum.<br \/>\nLa presenza della tavola minore con san Pietro fa pensare che l\u2019opera prevedesse almeno un\u2019altra tavola con la figura di san Paolo o addirittura fosse parte di un polittico pi\u00f9 complesso con altre figure di santi attorno al pannello centrale con Cristo.<\/p>\n"},"caption":{"rendered":"<p><strong>Maestro Toscano<\/strong><br \/>(XIV secolo)<br \/><em>Cristo benedicente, San Pietro<strong><br \/><\/strong><\/em>seconda met\u00e0 del XIV secolo tempera su tavola<\/p>\n"},"alt_text":"","media_type":"image","mime_type":"image\/jpeg","media_details":{"width":1684,"height":1008,"file":"2021\/11\/maestro-toscano.jpg","sizes":{"medium":{"file":"maestro-toscano-300x180.jpg","width":300,"height":180,"mime_type":"image\/jpeg","source_url":"https:\/\/fondazionecrfirenze.it\/wp-content\/uploads\/2021\/11\/maestro-toscano-300x180.jpg"},"large":{"file":"maestro-toscano-1024x613.jpg","width":1024,"height":613,"mime_type":"image\/jpeg","source_url":"https:\/\/fondazionecrfirenze.it\/wp-content\/uploads\/2021\/11\/maestro-toscano-1024x613.jpg"},"thumbnail":{"file":"maestro-toscano-150x150.jpg","width":150,"height":150,"mime_type":"image\/jpeg","source_url":"https:\/\/fondazionecrfirenze.it\/wp-content\/uploads\/2021\/11\/maestro-toscano-150x150.jpg"},"us_350_350_crop":{"file":"maestro-toscano-350x350.jpg","width":350,"height":350,"mime_type":"image\/jpeg","source_url":"https:\/\/fondazionecrfirenze.it\/wp-content\/uploads\/2021\/11\/maestro-toscano-350x350.jpg"},"us_600_600_crop":{"file":"maestro-toscano-600x600.jpg","width":600,"height":600,"mime_type":"image\/jpeg","source_url":"https:\/\/fondazionecrfirenze.it\/wp-content\/uploads\/2021\/11\/maestro-toscano-600x600.jpg"},"us_600_0":{"file":"maestro-toscano-600x359.jpg","width":600,"height":359,"mime_type":"image\/jpeg","source_url":"https:\/\/fondazionecrfirenze.it\/wp-content\/uploads\/2021\/11\/maestro-toscano-600x359.jpg"},"us_600_400_crop":{"file":"maestro-toscano-600x400.jpg","width":600,"height":400,"mime_type":"image\/jpeg","source_url":"https:\/\/fondazionecrfirenze.it\/wp-content\/uploads\/2021\/11\/maestro-toscano-600x400.jpg"},"us_768_0":{"file":"maestro-toscano-768x460.jpg","width":768,"height":460,"mime_type":"image\/jpeg","source_url":"https:\/\/fondazionecrfirenze.it\/wp-content\/uploads\/2021\/11\/maestro-toscano-768x460.jpg"},"full":{"file":"maestro-toscano.jpg","width":1684,"height":1008,"mime_type":"image\/jpeg","source_url":"https:\/\/fondazionecrfirenze.it\/wp-content\/uploads\/2021\/11\/maestro-toscano.jpg"}},"image_meta":{"aperture":"0","credit":"pa_petrosino","camera":"","caption":"","created_timestamp":"0","copyright":"","focal_length":"0","iso":"0","shutter_speed":"0","title":"","orientation":"0","keywords":[]}},"post":null,"source_url":"https:\/\/fondazionecrfirenze.it\/wp-content\/uploads\/2021\/11\/maestro-toscano.jpg","_links":{"self":[{"href":"https:\/\/fondazionecrfirenze.it\/en\/wp-json\/wp\/v2\/media\/47532","targetHints":{"allow":["GET"]}}],"collection":[{"href":"https:\/\/fondazionecrfirenze.it\/en\/wp-json\/wp\/v2\/media"}],"about":[{"href":"https:\/\/fondazionecrfirenze.it\/en\/wp-json\/wp\/v2\/types\/attachment"}],"author":[{"embeddable":true,"href":"https:\/\/fondazionecrfirenze.it\/en\/wp-json\/wp\/v2\/users\/2"}],"replies":[{"embeddable":true,"href":"https:\/\/fondazionecrfirenze.it\/en\/wp-json\/wp\/v2\/comments?post=47532"}]}}

<!-- This site is optimized with the Yoast SEO plugin v27.4 - https://yoast.com/product/yoast-seo-wordpress/ -->
<title>MAESTRO TOSCANO - Fondazione CR Firenze</title>
<meta name="robots" content="index, follow, max-snippet:-1, max-image-preview:large, max-video-preview:-1" />
<link rel="canonical" href="https://fondazionecrfirenze.it/wp-content/uploads/2021/11/maestro-toscano.jpg" />
<meta property="og:locale" content="en_US" />
<meta property="og:type" content="article" />
<meta property="og:title" content="MAESTRO TOSCANO - Fondazione CR Firenze" />
<meta property="og:description" content="Maestro Toscano(XIV secolo)Cristo benedicente, San Pietroseconda metà del XIV secolo tempera su tavola" />
<meta property="og:url" content="https://fondazionecrfirenze.it/wp-content/uploads/2021/11/maestro-toscano.jpg" />
<meta property="og:site_name" content="Fondazione CR Firenze" />
<meta property="article:modified_time" content="2023-01-25T09:40:44+00:00" />
<meta property="og:image" content="https://fondazionecrfirenze.it/wp-content/uploads/2021/11/maestro-toscano.jpg" />
	<meta property="og:image:width" content="1684" />
	<meta property="og:image:height" content="1008" />
	<meta property="og:image:type" content="image/jpeg" />
<meta name="twitter:card" content="summary_large_image" />
<script type="application/ld+json" class="yoast-schema-graph">{"@context":"https:\/\/schema.org","@graph":[{"@type":"WebPage","@id":"https:\/\/fondazionecrfirenze.it\/wp-content\/uploads\/2021\/11\/maestro-toscano.jpg","url":"https:\/\/fondazionecrfirenze.it\/wp-content\/uploads\/2021\/11\/maestro-toscano.jpg","name":"MAESTRO TOSCANO - Fondazione CR Firenze","isPartOf":{"@id":"https:\/\/fondazionecrfirenze.it\/#website"},"datePublished":"2021-11-04T12:11:08+00:00","dateModified":"2023-01-25T09:40:44+00:00","breadcrumb":{"@id":"https:\/\/fondazionecrfirenze.it\/wp-content\/uploads\/2021\/11\/maestro-toscano.jpg#breadcrumb"},"inLanguage":"en-US","potentialAction":[{"@type":"ReadAction","target":["https:\/\/fondazionecrfirenze.it\/wp-content\/uploads\/2021\/11\/maestro-toscano.jpg"]}]},{"@type":"BreadcrumbList","@id":"https:\/\/fondazionecrfirenze.it\/wp-content\/uploads\/2021\/11\/maestro-toscano.jpg#breadcrumb","itemListElement":[{"@type":"ListItem","position":1,"name":"Home","item":"https:\/\/fondazionecrfirenze.it\/en\/"},{"@type":"ListItem","position":2,"name":"MAESTRO TOSCANO"}]},{"@type":"WebSite","@id":"https:\/\/fondazionecrfirenze.it\/#website","url":"https:\/\/fondazionecrfirenze.it\/","name":"Fondazione CR Firenze","description":"Siamo un&#039;istituzione filantropica che opera sul territorio grazie agli utili del nostro patrimonio. La nostra Storia guarda al Futuro.","potentialAction":[{"@type":"SearchAction","target":{"@type":"EntryPoint","urlTemplate":"https:\/\/fondazionecrfirenze.it\/?s={search_term_string}"},"query-input":{"@type":"PropertyValueSpecification","valueRequired":true,"valueName":"search_term_string"}}],"inLanguage":"en-US"}]}</script>
<!-- / Yoast SEO plugin. -->

Maestro Toscano(XIV secolo)Cristo benedicente, San Pietroseconda metà del XIV secolo tempera su tavola

<p class="attachment"><a href='https://fondazionecrfirenze.it/wp-content/uploads/2021/11/maestro-toscano.jpg'><img loading="lazy" decoding="async" width="300" height="180" src="https://fondazionecrfirenze.it/wp-content/uploads/2021/11/maestro-toscano-300x180.jpg" class="attachment-medium size-medium" alt="" srcset="https://fondazionecrfirenze.it/wp-content/uploads/2021/11/maestro-toscano-300x180.jpg 300w, https://fondazionecrfirenze.it/wp-content/uploads/2021/11/maestro-toscano-1024x613.jpg 1024w, https://fondazionecrfirenze.it/wp-content/uploads/2021/11/maestro-toscano-600x359.jpg 600w, https://fondazionecrfirenze.it/wp-content/uploads/2021/11/maestro-toscano-768x460.jpg 768w, https://fondazionecrfirenze.it/wp-content/uploads/2021/11/maestro-toscano.jpg 1684w" sizes="auto, (max-width: 300px) 100vw, 300px" /></a></p>
<p>Sebbene sia dubbia l’identità del pittore, certa è la sua appartenenza al clima culturale toscano della seconda metà del XIV secolo, all’ombra del rinnovamento artistico iniziato da Giotto. Il Cristo Benedicente riprende infatti nella composizione un noto polittico di Giotto esposto oggi al North Carolaina Museum.<br />
La presenza della tavola minore con san Pietro fa pensare che l’opera prevedesse almeno un’altra tavola con la figura di san Paolo o addirittura fosse parte di un polittico più complesso con altre figure di santi attorno al pannello centrale con Cristo.</p>

<p><strong>Maestro Toscano</strong><br />(XIV secolo)<br /><em>Cristo benedicente, San Pietro<strong><br /></strong></em>seconda metà del XIV secolo tempera su tavola</p>
