{"id":47526,"date":"2021-11-04T12:35:19","date_gmt":"2021-11-04T11:35:19","guid":{"rendered":"https:\/\/fondazionecrfirenze.it\/wp-content\/uploads\/2021\/11\/00013_0002-1.jpg"},"modified":"2023-01-25T10:41:21","modified_gmt":"2023-01-25T09:41:21","slug":"00013_0002-3-2","status":"inherit","type":"attachment","link":"https:\/\/fondazionecrfirenze.it\/en\/00013_0002-3-2\/","title":{"rendered":"JACOPO DEL CASENTINO"},"author":2,"featured_media":0,"comment_status":"closed","ping_status":"closed","template":"","meta":{"_acf_changed":false,"_uag_custom_page_level_css":""},"class_list":["post-47526","attachment","type-attachment","status-inherit","hentry"],"acf":[],"yoast_head":"<!-- This site is optimized with the Yoast SEO plugin v27.4 - https:\/\/yoast.com\/product\/yoast-seo-wordpress\/ -->\n<title>JACOPO DEL CASENTINO - Fondazione CR Firenze<\/title>\n<meta name=\"robots\" content=\"index, follow, max-snippet:-1, max-image-preview:large, max-video-preview:-1\" \/>\n<link rel=\"canonical\" href=\"https:\/\/fondazionecrfirenze.it\/wp-content\/uploads\/2021\/11\/00013_0002-1.jpg\" \/>\n<meta property=\"og:locale\" content=\"en_US\" \/>\n<meta property=\"og:type\" content=\"article\" \/>\n<meta property=\"og:title\" content=\"JACOPO DEL CASENTINO - Fondazione CR Firenze\" \/>\n<meta property=\"og:description\" content=\"Jacopo del Casentino(Firenze 1297-1358)Annunciazione, Crocifissione;\u00a0Stigmate di san Francesco e due santi, prima met\u00e0 del XIV secolo, tempera su tavola\" \/>\n<meta property=\"og:url\" content=\"https:\/\/fondazionecrfirenze.it\/wp-content\/uploads\/2021\/11\/00013_0002-1.jpg\" \/>\n<meta property=\"og:site_name\" content=\"Fondazione CR Firenze\" \/>\n<meta property=\"article:modified_time\" content=\"2023-01-25T09:41:21+00:00\" \/>\n<meta property=\"og:image\" content=\"https:\/\/fondazionecrfirenze.it\/wp-content\/uploads\/2021\/11\/00013_0002-1.jpg\" \/>\n\t<meta property=\"og:image:width\" content=\"1280\" \/>\n\t<meta property=\"og:image:height\" content=\"2130\" \/>\n\t<meta property=\"og:image:type\" content=\"image\/jpeg\" \/>\n<meta name=\"twitter:card\" content=\"summary_large_image\" \/>\n<script type=\"application\/ld+json\" class=\"yoast-schema-graph\">{\"@context\":\"https:\\\/\\\/schema.org\",\"@graph\":[{\"@type\":\"WebPage\",\"@id\":\"https:\\\/\\\/fondazionecrfirenze.it\\\/wp-content\\\/uploads\\\/2021\\\/11\\\/00013_0002-1.jpg\",\"url\":\"https:\\\/\\\/fondazionecrfirenze.it\\\/wp-content\\\/uploads\\\/2021\\\/11\\\/00013_0002-1.jpg\",\"name\":\"JACOPO DEL CASENTINO - Fondazione CR Firenze\",\"isPartOf\":{\"@id\":\"https:\\\/\\\/fondazionecrfirenze.it\\\/#website\"},\"datePublished\":\"2021-11-04T11:35:19+00:00\",\"dateModified\":\"2023-01-25T09:41:21+00:00\",\"breadcrumb\":{\"@id\":\"https:\\\/\\\/fondazionecrfirenze.it\\\/wp-content\\\/uploads\\\/2021\\\/11\\\/00013_0002-1.jpg#breadcrumb\"},\"inLanguage\":\"en-US\",\"potentialAction\":[{\"@type\":\"ReadAction\",\"target\":[\"https:\\\/\\\/fondazionecrfirenze.it\\\/wp-content\\\/uploads\\\/2021\\\/11\\\/00013_0002-1.jpg\"]}]},{\"@type\":\"BreadcrumbList\",\"@id\":\"https:\\\/\\\/fondazionecrfirenze.it\\\/wp-content\\\/uploads\\\/2021\\\/11\\\/00013_0002-1.jpg#breadcrumb\",\"itemListElement\":[{\"@type\":\"ListItem\",\"position\":1,\"name\":\"Home\",\"item\":\"https:\\\/\\\/fondazionecrfirenze.it\\\/en\\\/\"},{\"@type\":\"ListItem\",\"position\":2,\"name\":\"JACOPO DEL CASENTINO\"}]},{\"@type\":\"WebSite\",\"@id\":\"https:\\\/\\\/fondazionecrfirenze.it\\\/#website\",\"url\":\"https:\\\/\\\/fondazionecrfirenze.it\\\/\",\"name\":\"Fondazione CR Firenze\",\"description\":\"Siamo un&#039;istituzione filantropica che opera sul territorio grazie agli utili del nostro patrimonio. La nostra Storia guarda al Futuro.\",\"potentialAction\":[{\"@type\":\"SearchAction\",\"target\":{\"@type\":\"EntryPoint\",\"urlTemplate\":\"https:\\\/\\\/fondazionecrfirenze.it\\\/?s={search_term_string}\"},\"query-input\":{\"@type\":\"PropertyValueSpecification\",\"valueRequired\":true,\"valueName\":\"search_term_string\"}}],\"inLanguage\":\"en-US\"}]}<\/script>\n<!-- \/ Yoast SEO plugin. -->","yoast_head_json":{"title":"JACOPO DEL CASENTINO - Fondazione CR Firenze","robots":{"index":"index","follow":"follow","max-snippet":"max-snippet:-1","max-image-preview":"max-image-preview:large","max-video-preview":"max-video-preview:-1"},"canonical":"https:\/\/fondazionecrfirenze.it\/wp-content\/uploads\/2021\/11\/00013_0002-1.jpg","og_locale":"en_US","og_type":"article","og_title":"JACOPO DEL CASENTINO - Fondazione CR Firenze","og_description":"Jacopo del Casentino(Firenze 1297-1358)Annunciazione, Crocifissione;\u00a0Stigmate di san Francesco e due santi, prima met\u00e0 del XIV secolo, tempera su tavola","og_url":"https:\/\/fondazionecrfirenze.it\/wp-content\/uploads\/2021\/11\/00013_0002-1.jpg","og_site_name":"Fondazione CR Firenze","article_modified_time":"2023-01-25T09:41:21+00:00","og_image":[{"width":1280,"height":2130,"url":"https:\/\/fondazionecrfirenze.it\/wp-content\/uploads\/2021\/11\/00013_0002-1.jpg","type":"image\/jpeg"}],"twitter_card":"summary_large_image","schema":{"@context":"https:\/\/schema.org","@graph":[{"@type":"WebPage","@id":"https:\/\/fondazionecrfirenze.it\/wp-content\/uploads\/2021\/11\/00013_0002-1.jpg","url":"https:\/\/fondazionecrfirenze.it\/wp-content\/uploads\/2021\/11\/00013_0002-1.jpg","name":"JACOPO DEL CASENTINO - Fondazione CR Firenze","isPartOf":{"@id":"https:\/\/fondazionecrfirenze.it\/#website"},"datePublished":"2021-11-04T11:35:19+00:00","dateModified":"2023-01-25T09:41:21+00:00","breadcrumb":{"@id":"https:\/\/fondazionecrfirenze.it\/wp-content\/uploads\/2021\/11\/00013_0002-1.jpg#breadcrumb"},"inLanguage":"en-US","potentialAction":[{"@type":"ReadAction","target":["https:\/\/fondazionecrfirenze.it\/wp-content\/uploads\/2021\/11\/00013_0002-1.jpg"]}]},{"@type":"BreadcrumbList","@id":"https:\/\/fondazionecrfirenze.it\/wp-content\/uploads\/2021\/11\/00013_0002-1.jpg#breadcrumb","itemListElement":[{"@type":"ListItem","position":1,"name":"Home","item":"https:\/\/fondazionecrfirenze.it\/en\/"},{"@type":"ListItem","position":2,"name":"JACOPO DEL CASENTINO"}]},{"@type":"WebSite","@id":"https:\/\/fondazionecrfirenze.it\/#website","url":"https:\/\/fondazionecrfirenze.it\/","name":"Fondazione CR Firenze","description":"Siamo un&#039;istituzione filantropica che opera sul territorio grazie agli utili del nostro patrimonio. La nostra Storia guarda al Futuro.","potentialAction":[{"@type":"SearchAction","target":{"@type":"EntryPoint","urlTemplate":"https:\/\/fondazionecrfirenze.it\/?s={search_term_string}"},"query-input":{"@type":"PropertyValueSpecification","valueRequired":true,"valueName":"search_term_string"}}],"inLanguage":"en-US"}]}},"description":{"rendered":"<p class=\"attachment\"><a href='https:\/\/fondazionecrfirenze.it\/wp-content\/uploads\/2021\/11\/00013_0002-1.jpg'><img loading=\"lazy\" decoding=\"async\" width=\"180\" height=\"300\" src=\"https:\/\/fondazionecrfirenze.it\/wp-content\/uploads\/2021\/11\/00013_0002-1-180x300.jpg\" class=\"attachment-medium size-medium\" alt=\"\" srcset=\"https:\/\/fondazionecrfirenze.it\/wp-content\/uploads\/2021\/11\/00013_0002-1-180x300.jpg 180w, https:\/\/fondazionecrfirenze.it\/wp-content\/uploads\/2021\/11\/00013_0002-1-615x1024.jpg 615w, https:\/\/fondazionecrfirenze.it\/wp-content\/uploads\/2021\/11\/00013_0002-1-600x998.jpg 600w, https:\/\/fondazionecrfirenze.it\/wp-content\/uploads\/2021\/11\/00013_0002-1-768x1278.jpg 768w, https:\/\/fondazionecrfirenze.it\/wp-content\/uploads\/2021\/11\/00013_0002-1.jpg 1280w\" sizes=\"auto, (max-width: 180px) 100vw, 180px\" \/><\/a><\/p>\n<p>Le due ante sono state acquistate a un\u2019asta di Christie\u2019s a Londra il 12 dicembre del 1986. Facevano parte di un trittichetto richiudibile di cui \u00e8 andata perduta la pala centrale. Mikl\u00f3s Boskovitz, noto studioso di arte medievale, le ha attribuite a Jacopo del Casentino, artista attivo nella seconda met\u00e0 del XIV secolo legato alle forme giottesche. La composizione \u00e8 chiara, ordinata ed equilibrata, ma il richiamo al mondo trecentesco, nei panneggi e nei volti, svela il gusto del Tardogotico nelle siluette affusolate. Le due tavole attestano la diffusione delle opere destinate alla devozione privata custodite nelle nobili case trecentesche.<\/p>\n"},"caption":{"rendered":"<p><strong>Jacopo del Casentino<\/strong><br \/>(Firenze 1297-1358)<br \/><em>Annunciazione, Crocifissione;<\/em>\u00a0<em>Stigmate di san Francesco e due santi<\/em>, prima met\u00e0 del XIV secolo, tempera su tavola<\/p>\n"},"alt_text":"","media_type":"image","mime_type":"image\/jpeg","media_details":{"width":1280,"height":2130,"file":"2021\/11\/00013_0002-1.jpg","sizes":{"medium":{"file":"00013_0002-1-180x300.jpg","width":180,"height":300,"mime_type":"image\/jpeg","source_url":"https:\/\/fondazionecrfirenze.it\/wp-content\/uploads\/2021\/11\/00013_0002-1-180x300.jpg"},"large":{"file":"00013_0002-1-615x1024.jpg","width":615,"height":1024,"mime_type":"image\/jpeg","source_url":"https:\/\/fondazionecrfirenze.it\/wp-content\/uploads\/2021\/11\/00013_0002-1-615x1024.jpg"},"thumbnail":{"file":"00013_0002-1-150x150.jpg","width":150,"height":150,"mime_type":"image\/jpeg","source_url":"https:\/\/fondazionecrfirenze.it\/wp-content\/uploads\/2021\/11\/00013_0002-1-150x150.jpg"},"us_350_350_crop":{"file":"00013_0002-1-350x350.jpg","width":350,"height":350,"mime_type":"image\/jpeg","source_url":"https:\/\/fondazionecrfirenze.it\/wp-content\/uploads\/2021\/11\/00013_0002-1-350x350.jpg"},"us_600_600_crop":{"file":"00013_0002-1-600x600.jpg","width":600,"height":600,"mime_type":"image\/jpeg","source_url":"https:\/\/fondazionecrfirenze.it\/wp-content\/uploads\/2021\/11\/00013_0002-1-600x600.jpg"},"us_600_0":{"file":"00013_0002-1-600x998.jpg","width":600,"height":998,"mime_type":"image\/jpeg","source_url":"https:\/\/fondazionecrfirenze.it\/wp-content\/uploads\/2021\/11\/00013_0002-1-600x998.jpg"},"us_600_400_crop":{"file":"00013_0002-1-600x400.jpg","width":600,"height":400,"mime_type":"image\/jpeg","source_url":"https:\/\/fondazionecrfirenze.it\/wp-content\/uploads\/2021\/11\/00013_0002-1-600x400.jpg"},"us_768_0":{"file":"00013_0002-1-768x1278.jpg","width":768,"height":1278,"mime_type":"image\/jpeg","source_url":"https:\/\/fondazionecrfirenze.it\/wp-content\/uploads\/2021\/11\/00013_0002-1-768x1278.jpg"},"full":{"file":"00013_0002-1.jpg","width":1280,"height":2130,"mime_type":"image\/jpeg","source_url":"https:\/\/fondazionecrfirenze.it\/wp-content\/uploads\/2021\/11\/00013_0002-1.jpg"}},"image_meta":{"aperture":"0","credit":"paolo der rocco","camera":"","caption":"","created_timestamp":"1286841600","copyright":"","focal_length":"0","iso":"0","shutter_speed":"0","title":"","orientation":"0","keywords":["carmignano"]}},"post":null,"source_url":"https:\/\/fondazionecrfirenze.it\/wp-content\/uploads\/2021\/11\/00013_0002-1.jpg","_links":{"self":[{"href":"https:\/\/fondazionecrfirenze.it\/en\/wp-json\/wp\/v2\/media\/47526","targetHints":{"allow":["GET"]}}],"collection":[{"href":"https:\/\/fondazionecrfirenze.it\/en\/wp-json\/wp\/v2\/media"}],"about":[{"href":"https:\/\/fondazionecrfirenze.it\/en\/wp-json\/wp\/v2\/types\/attachment"}],"author":[{"embeddable":true,"href":"https:\/\/fondazionecrfirenze.it\/en\/wp-json\/wp\/v2\/users\/2"}],"replies":[{"embeddable":true,"href":"https:\/\/fondazionecrfirenze.it\/en\/wp-json\/wp\/v2\/comments?post=47526"}]}}

<!-- This site is optimized with the Yoast SEO plugin v27.4 - https://yoast.com/product/yoast-seo-wordpress/ -->
<title>JACOPO DEL CASENTINO - Fondazione CR Firenze</title>
<meta name="robots" content="index, follow, max-snippet:-1, max-image-preview:large, max-video-preview:-1" />
<link rel="canonical" href="https://fondazionecrfirenze.it/wp-content/uploads/2021/11/00013_0002-1.jpg" />
<meta property="og:locale" content="en_US" />
<meta property="og:type" content="article" />
<meta property="og:title" content="JACOPO DEL CASENTINO - Fondazione CR Firenze" />
<meta property="og:description" content="Jacopo del Casentino(Firenze 1297-1358)Annunciazione, Crocifissione; Stigmate di san Francesco e due santi, prima metà del XIV secolo, tempera su tavola" />
<meta property="og:url" content="https://fondazionecrfirenze.it/wp-content/uploads/2021/11/00013_0002-1.jpg" />
<meta property="og:site_name" content="Fondazione CR Firenze" />
<meta property="article:modified_time" content="2023-01-25T09:41:21+00:00" />
<meta property="og:image" content="https://fondazionecrfirenze.it/wp-content/uploads/2021/11/00013_0002-1.jpg" />
	<meta property="og:image:width" content="1280" />
	<meta property="og:image:height" content="2130" />
	<meta property="og:image:type" content="image/jpeg" />
<meta name="twitter:card" content="summary_large_image" />
<script type="application/ld+json" class="yoast-schema-graph">{"@context":"https:\/\/schema.org","@graph":[{"@type":"WebPage","@id":"https:\/\/fondazionecrfirenze.it\/wp-content\/uploads\/2021\/11\/00013_0002-1.jpg","url":"https:\/\/fondazionecrfirenze.it\/wp-content\/uploads\/2021\/11\/00013_0002-1.jpg","name":"JACOPO DEL CASENTINO - Fondazione CR Firenze","isPartOf":{"@id":"https:\/\/fondazionecrfirenze.it\/#website"},"datePublished":"2021-11-04T11:35:19+00:00","dateModified":"2023-01-25T09:41:21+00:00","breadcrumb":{"@id":"https:\/\/fondazionecrfirenze.it\/wp-content\/uploads\/2021\/11\/00013_0002-1.jpg#breadcrumb"},"inLanguage":"en-US","potentialAction":[{"@type":"ReadAction","target":["https:\/\/fondazionecrfirenze.it\/wp-content\/uploads\/2021\/11\/00013_0002-1.jpg"]}]},{"@type":"BreadcrumbList","@id":"https:\/\/fondazionecrfirenze.it\/wp-content\/uploads\/2021\/11\/00013_0002-1.jpg#breadcrumb","itemListElement":[{"@type":"ListItem","position":1,"name":"Home","item":"https:\/\/fondazionecrfirenze.it\/en\/"},{"@type":"ListItem","position":2,"name":"JACOPO DEL CASENTINO"}]},{"@type":"WebSite","@id":"https:\/\/fondazionecrfirenze.it\/#website","url":"https:\/\/fondazionecrfirenze.it\/","name":"Fondazione CR Firenze","description":"Siamo un&#039;istituzione filantropica che opera sul territorio grazie agli utili del nostro patrimonio. La nostra Storia guarda al Futuro.","potentialAction":[{"@type":"SearchAction","target":{"@type":"EntryPoint","urlTemplate":"https:\/\/fondazionecrfirenze.it\/?s={search_term_string}"},"query-input":{"@type":"PropertyValueSpecification","valueRequired":true,"valueName":"search_term_string"}}],"inLanguage":"en-US"}]}</script>
<!-- / Yoast SEO plugin. -->

Jacopo del Casentino(Firenze 1297-1358)Annunciazione, Crocifissione; Stigmate di san Francesco e due santi, prima metà del XIV secolo, tempera su tavola

<p class="attachment"><a href='https://fondazionecrfirenze.it/wp-content/uploads/2021/11/00013_0002-1.jpg'><img loading="lazy" decoding="async" width="180" height="300" src="https://fondazionecrfirenze.it/wp-content/uploads/2021/11/00013_0002-1-180x300.jpg" class="attachment-medium size-medium" alt="" srcset="https://fondazionecrfirenze.it/wp-content/uploads/2021/11/00013_0002-1-180x300.jpg 180w, https://fondazionecrfirenze.it/wp-content/uploads/2021/11/00013_0002-1-615x1024.jpg 615w, https://fondazionecrfirenze.it/wp-content/uploads/2021/11/00013_0002-1-600x998.jpg 600w, https://fondazionecrfirenze.it/wp-content/uploads/2021/11/00013_0002-1-768x1278.jpg 768w, https://fondazionecrfirenze.it/wp-content/uploads/2021/11/00013_0002-1.jpg 1280w" sizes="auto, (max-width: 180px) 100vw, 180px" /></a></p>
<p>Le due ante sono state acquistate a un’asta di Christie’s a Londra il 12 dicembre del 1986. Facevano parte di un trittichetto richiudibile di cui è andata perduta la pala centrale. Miklós Boskovitz, noto studioso di arte medievale, le ha attribuite a Jacopo del Casentino, artista attivo nella seconda metà del XIV secolo legato alle forme giottesche. La composizione è chiara, ordinata ed equilibrata, ma il richiamo al mondo trecentesco, nei panneggi e nei volti, svela il gusto del Tardogotico nelle siluette affusolate. Le due tavole attestano la diffusione delle opere destinate alla devozione privata custodite nelle nobili case trecentesche.</p>

<p><strong>Jacopo del Casentino</strong><br />(Firenze 1297-1358)<br /><em>Annunciazione, Crocifissione;</em> <em>Stigmate di san Francesco e due santi</em>, prima metà del XIV secolo, tempera su tavola</p>
