{"id":47504,"date":"2021-11-03T16:25:18","date_gmt":"2021-11-03T15:25:18","guid":{"rendered":"https:\/\/fondazionecrfirenze.it\/wp-content\/uploads\/2021\/11\/pacino.jpg"},"modified":"2023-01-25T10:40:28","modified_gmt":"2023-01-25T09:40:28","slug":"pacino-2","status":"inherit","type":"attachment","link":"https:\/\/fondazionecrfirenze.it\/en\/pacino-2\/","title":{"rendered":"PACINO DI BONAGUIDA"},"author":2,"featured_media":0,"comment_status":"closed","ping_status":"closed","template":"","meta":{"_acf_changed":false,"_uag_custom_page_level_css":""},"class_list":["post-47504","attachment","type-attachment","status-inherit","hentry"],"acf":[],"yoast_head":"<!-- This site is optimized with the Yoast SEO plugin v27.4 - https:\/\/yoast.com\/product\/yoast-seo-wordpress\/ -->\n<title>PACINO DI BONAGUIDA - Fondazione CR Firenze<\/title>\n<meta name=\"robots\" content=\"index, follow, max-snippet:-1, max-image-preview:large, max-video-preview:-1\" \/>\n<link rel=\"canonical\" href=\"https:\/\/fondazionecrfirenze.it\/wp-content\/uploads\/2021\/11\/pacino-scaled.jpg\" \/>\n<meta property=\"og:locale\" content=\"en_US\" \/>\n<meta property=\"og:type\" content=\"article\" \/>\n<meta property=\"og:title\" content=\"PACINO DI BONAGUIDA - Fondazione CR Firenze\" \/>\n<meta property=\"og:description\" content=\"Pacino di Buonaguida(Firenze attivo 1303-1330 circa)San Tommaso Becket; San Bartolomeo;\u00a0San Giovanni Battista; San Zanobi1315-1320 tempera trasportata su tela applicata su tavola\" \/>\n<meta property=\"og:url\" content=\"https:\/\/fondazionecrfirenze.it\/wp-content\/uploads\/2021\/11\/pacino-scaled.jpg\" \/>\n<meta property=\"og:site_name\" content=\"Fondazione CR Firenze\" \/>\n<meta property=\"article:modified_time\" content=\"2023-01-25T09:40:28+00:00\" \/>\n<meta property=\"og:image\" content=\"https:\/\/fondazionecrfirenze.it\/wp-content\/uploads\/2021\/11\/pacino-scaled.jpg\" \/>\n\t<meta property=\"og:image:width\" content=\"2560\" \/>\n\t<meta property=\"og:image:height\" content=\"936\" \/>\n\t<meta property=\"og:image:type\" content=\"image\/jpeg\" \/>\n<meta name=\"twitter:card\" content=\"summary_large_image\" \/>\n<meta name=\"twitter:label1\" content=\"Est. reading time\" \/>\n\t<meta name=\"twitter:data1\" content=\"1 minute\" \/>\n<script type=\"application\/ld+json\" class=\"yoast-schema-graph\">{\"@context\":\"https:\\\/\\\/schema.org\",\"@graph\":[{\"@type\":\"WebPage\",\"@id\":\"https:\\\/\\\/fondazionecrfirenze.it\\\/wp-content\\\/uploads\\\/2021\\\/11\\\/pacino-scaled.jpg\",\"url\":\"https:\\\/\\\/fondazionecrfirenze.it\\\/wp-content\\\/uploads\\\/2021\\\/11\\\/pacino-scaled.jpg\",\"name\":\"PACINO DI BONAGUIDA - Fondazione CR Firenze\",\"isPartOf\":{\"@id\":\"https:\\\/\\\/fondazionecrfirenze.it\\\/#website\"},\"datePublished\":\"2021-11-03T15:25:18+00:00\",\"dateModified\":\"2023-01-25T09:40:28+00:00\",\"breadcrumb\":{\"@id\":\"https:\\\/\\\/fondazionecrfirenze.it\\\/wp-content\\\/uploads\\\/2021\\\/11\\\/pacino-scaled.jpg#breadcrumb\"},\"inLanguage\":\"en-US\",\"potentialAction\":[{\"@type\":\"ReadAction\",\"target\":[\"https:\\\/\\\/fondazionecrfirenze.it\\\/wp-content\\\/uploads\\\/2021\\\/11\\\/pacino-scaled.jpg\"]}]},{\"@type\":\"BreadcrumbList\",\"@id\":\"https:\\\/\\\/fondazionecrfirenze.it\\\/wp-content\\\/uploads\\\/2021\\\/11\\\/pacino-scaled.jpg#breadcrumb\",\"itemListElement\":[{\"@type\":\"ListItem\",\"position\":1,\"name\":\"Home\",\"item\":\"https:\\\/\\\/fondazionecrfirenze.it\\\/en\\\/\"},{\"@type\":\"ListItem\",\"position\":2,\"name\":\"PACINO DI BONAGUIDA\"}]},{\"@type\":\"WebSite\",\"@id\":\"https:\\\/\\\/fondazionecrfirenze.it\\\/#website\",\"url\":\"https:\\\/\\\/fondazionecrfirenze.it\\\/\",\"name\":\"Fondazione CR Firenze\",\"description\":\"Siamo un&#039;istituzione filantropica che opera sul territorio grazie agli utili del nostro patrimonio. La nostra Storia guarda al Futuro.\",\"potentialAction\":[{\"@type\":\"SearchAction\",\"target\":{\"@type\":\"EntryPoint\",\"urlTemplate\":\"https:\\\/\\\/fondazionecrfirenze.it\\\/?s={search_term_string}\"},\"query-input\":{\"@type\":\"PropertyValueSpecification\",\"valueRequired\":true,\"valueName\":\"search_term_string\"}}],\"inLanguage\":\"en-US\"}]}<\/script>\n<!-- \/ Yoast SEO plugin. -->","yoast_head_json":{"title":"PACINO DI BONAGUIDA - Fondazione CR Firenze","robots":{"index":"index","follow":"follow","max-snippet":"max-snippet:-1","max-image-preview":"max-image-preview:large","max-video-preview":"max-video-preview:-1"},"canonical":"https:\/\/fondazionecrfirenze.it\/wp-content\/uploads\/2021\/11\/pacino-scaled.jpg","og_locale":"en_US","og_type":"article","og_title":"PACINO DI BONAGUIDA - Fondazione CR Firenze","og_description":"Pacino di Buonaguida(Firenze attivo 1303-1330 circa)San Tommaso Becket; San Bartolomeo;\u00a0San Giovanni Battista; San Zanobi1315-1320 tempera trasportata su tela applicata su tavola","og_url":"https:\/\/fondazionecrfirenze.it\/wp-content\/uploads\/2021\/11\/pacino-scaled.jpg","og_site_name":"Fondazione CR Firenze","article_modified_time":"2023-01-25T09:40:28+00:00","og_image":[{"width":2560,"height":936,"url":"https:\/\/fondazionecrfirenze.it\/wp-content\/uploads\/2021\/11\/pacino-scaled.jpg","type":"image\/jpeg"}],"twitter_card":"summary_large_image","twitter_misc":{"Est. reading time":"1 minute"},"schema":{"@context":"https:\/\/schema.org","@graph":[{"@type":"WebPage","@id":"https:\/\/fondazionecrfirenze.it\/wp-content\/uploads\/2021\/11\/pacino-scaled.jpg","url":"https:\/\/fondazionecrfirenze.it\/wp-content\/uploads\/2021\/11\/pacino-scaled.jpg","name":"PACINO DI BONAGUIDA - Fondazione CR Firenze","isPartOf":{"@id":"https:\/\/fondazionecrfirenze.it\/#website"},"datePublished":"2021-11-03T15:25:18+00:00","dateModified":"2023-01-25T09:40:28+00:00","breadcrumb":{"@id":"https:\/\/fondazionecrfirenze.it\/wp-content\/uploads\/2021\/11\/pacino-scaled.jpg#breadcrumb"},"inLanguage":"en-US","potentialAction":[{"@type":"ReadAction","target":["https:\/\/fondazionecrfirenze.it\/wp-content\/uploads\/2021\/11\/pacino-scaled.jpg"]}]},{"@type":"BreadcrumbList","@id":"https:\/\/fondazionecrfirenze.it\/wp-content\/uploads\/2021\/11\/pacino-scaled.jpg#breadcrumb","itemListElement":[{"@type":"ListItem","position":1,"name":"Home","item":"https:\/\/fondazionecrfirenze.it\/en\/"},{"@type":"ListItem","position":2,"name":"PACINO DI BONAGUIDA"}]},{"@type":"WebSite","@id":"https:\/\/fondazionecrfirenze.it\/#website","url":"https:\/\/fondazionecrfirenze.it\/","name":"Fondazione CR Firenze","description":"Siamo un&#039;istituzione filantropica che opera sul territorio grazie agli utili del nostro patrimonio. La nostra Storia guarda al Futuro.","potentialAction":[{"@type":"SearchAction","target":{"@type":"EntryPoint","urlTemplate":"https:\/\/fondazionecrfirenze.it\/?s={search_term_string}"},"query-input":{"@type":"PropertyValueSpecification","valueRequired":true,"valueName":"search_term_string"}}],"inLanguage":"en-US"}]}},"description":{"rendered":"<p class=\"attachment\"><a href='https:\/\/fondazionecrfirenze.it\/wp-content\/uploads\/2021\/11\/pacino-scaled.jpg'><img loading=\"lazy\" decoding=\"async\" width=\"300\" height=\"110\" src=\"https:\/\/fondazionecrfirenze.it\/wp-content\/uploads\/2021\/11\/pacino-300x110.jpg\" class=\"attachment-medium size-medium\" alt=\"\" srcset=\"https:\/\/fondazionecrfirenze.it\/wp-content\/uploads\/2021\/11\/pacino-300x110.jpg 300w, https:\/\/fondazionecrfirenze.it\/wp-content\/uploads\/2021\/11\/pacino-1024x375.jpg 1024w, https:\/\/fondazionecrfirenze.it\/wp-content\/uploads\/2021\/11\/pacino-600x219.jpg 600w, https:\/\/fondazionecrfirenze.it\/wp-content\/uploads\/2021\/11\/pacino-768x281.jpg 768w\" sizes=\"auto, (max-width: 300px) 100vw, 300px\" \/><\/a><\/p>\n<p>Pochissime sono le opere e le notizie relative a Pacino di Bonaguida.<br \/>\nL\u2019opera assume dunque un alto valore nella ricostruzione del profilo dell\u2019artista attivo a Firenze nella prima met\u00e0 del XIV secolo. Le quattro tavole con santi dovevano far parte di un polittico pi\u00f9 ampio del quale non \u00e8 ancora stata ritrovata la parte centrale.<\/p>\n<p>Lo studioso Mikl\u00f3s Boskovitz ha identificato le quattro tavole nella pala d\u2019altare della cappella Minerbetti che si trovava nel tramezzo della chiesa di Santa Maria Novella. Fondamentale per l\u2019attribuzione \u00e8 stata la rara presenza del santo Thomas Becket poich\u00e9 la famiglia Minerbetti vantava discendenze dal martire inglese.<\/p>\n"},"caption":{"rendered":"<p><strong>Pacino di Buonaguida<\/strong><br \/>(Firenze attivo 1303-1330 circa)<br \/><em>San Tommaso Becket; San Bartolomeo;<\/em>\u00a0<em>San Giovanni Battista; San Zanobi<\/em><br \/>1315-1320 tempera trasportata su tela applicata su tavola<\/p>\n"},"alt_text":"","media_type":"image","mime_type":"image\/jpeg","media_details":{"width":2560,"height":936,"file":"2021\/11\/pacino-scaled.jpg","sizes":{"medium":{"file":"pacino-300x110.jpg","width":300,"height":110,"mime_type":"image\/jpeg","source_url":"https:\/\/fondazionecrfirenze.it\/wp-content\/uploads\/2021\/11\/pacino-300x110.jpg"},"large":{"file":"pacino-1024x375.jpg","width":1024,"height":375,"mime_type":"image\/jpeg","source_url":"https:\/\/fondazionecrfirenze.it\/wp-content\/uploads\/2021\/11\/pacino-1024x375.jpg"},"thumbnail":{"file":"pacino-150x150.jpg","width":150,"height":150,"mime_type":"image\/jpeg","source_url":"https:\/\/fondazionecrfirenze.it\/wp-content\/uploads\/2021\/11\/pacino-150x150.jpg"},"us_350_350_crop":{"file":"pacino-350x350.jpg","width":350,"height":350,"mime_type":"image\/jpeg","source_url":"https:\/\/fondazionecrfirenze.it\/wp-content\/uploads\/2021\/11\/pacino-350x350.jpg"},"us_600_600_crop":{"file":"pacino-600x600.jpg","width":600,"height":600,"mime_type":"image\/jpeg","source_url":"https:\/\/fondazionecrfirenze.it\/wp-content\/uploads\/2021\/11\/pacino-600x600.jpg"},"us_600_0":{"file":"pacino-600x219.jpg","width":600,"height":219,"mime_type":"image\/jpeg","source_url":"https:\/\/fondazionecrfirenze.it\/wp-content\/uploads\/2021\/11\/pacino-600x219.jpg"},"us_600_400_crop":{"file":"pacino-600x400.jpg","width":600,"height":400,"mime_type":"image\/jpeg","source_url":"https:\/\/fondazionecrfirenze.it\/wp-content\/uploads\/2021\/11\/pacino-600x400.jpg"},"us_768_0":{"file":"pacino-768x281.jpg","width":768,"height":281,"mime_type":"image\/jpeg","source_url":"https:\/\/fondazionecrfirenze.it\/wp-content\/uploads\/2021\/11\/pacino-768x281.jpg"},"full":{"file":"pacino-scaled.jpg","width":2560,"height":936,"mime_type":"image\/jpeg","source_url":"https:\/\/fondazionecrfirenze.it\/wp-content\/uploads\/2021\/11\/pacino-scaled.jpg"}},"image_meta":{"aperture":"0","credit":"pa_petrosino","camera":"","caption":"","created_timestamp":"0","copyright":"","focal_length":"0","iso":"0","shutter_speed":"0","title":"","orientation":"0","keywords":[]},"original_image":"pacino.jpg"},"post":null,"source_url":"https:\/\/fondazionecrfirenze.it\/wp-content\/uploads\/2021\/11\/pacino-scaled.jpg","_links":{"self":[{"href":"https:\/\/fondazionecrfirenze.it\/en\/wp-json\/wp\/v2\/media\/47504","targetHints":{"allow":["GET"]}}],"collection":[{"href":"https:\/\/fondazionecrfirenze.it\/en\/wp-json\/wp\/v2\/media"}],"about":[{"href":"https:\/\/fondazionecrfirenze.it\/en\/wp-json\/wp\/v2\/types\/attachment"}],"author":[{"embeddable":true,"href":"https:\/\/fondazionecrfirenze.it\/en\/wp-json\/wp\/v2\/users\/2"}],"replies":[{"embeddable":true,"href":"https:\/\/fondazionecrfirenze.it\/en\/wp-json\/wp\/v2\/comments?post=47504"}]}}

<p class="attachment"><a href='https://fondazionecrfirenze.it/wp-content/uploads/2021/11/pacino-scaled.jpg'><img loading="lazy" decoding="async" width="300" height="110" src="https://fondazionecrfirenze.it/wp-content/uploads/2021/11/pacino-300x110.jpg" class="attachment-medium size-medium" alt="" srcset="https://fondazionecrfirenze.it/wp-content/uploads/2021/11/pacino-300x110.jpg 300w, https://fondazionecrfirenze.it/wp-content/uploads/2021/11/pacino-1024x375.jpg 1024w, https://fondazionecrfirenze.it/wp-content/uploads/2021/11/pacino-600x219.jpg 600w, https://fondazionecrfirenze.it/wp-content/uploads/2021/11/pacino-768x281.jpg 768w" sizes="auto, (max-width: 300px) 100vw, 300px" /></a></p>
<p>Pochissime sono le opere e le notizie relative a Pacino di Bonaguida.<br />
L’opera assume dunque un alto valore nella ricostruzione del profilo dell’artista attivo a Firenze nella prima metà del XIV secolo. Le quattro tavole con santi dovevano far parte di un polittico più ampio del quale non è ancora stata ritrovata la parte centrale.</p>
<p>Lo studioso Miklós Boskovitz ha identificato le quattro tavole nella pala d’altare della cappella Minerbetti che si trovava nel tramezzo della chiesa di Santa Maria Novella. Fondamentale per l’attribuzione è stata la rara presenza del santo Thomas Becket poiché la famiglia Minerbetti vantava discendenze dal martire inglese.</p>
