{"id":47470,"date":"2021-11-03T15:57:36","date_gmt":"2021-11-03T14:57:36","guid":{"rendered":"https:\/\/fondazionecrfirenze.it\/wp-content\/uploads\/2021\/11\/00299-1.jpg"},"modified":"2023-01-25T11:00:17","modified_gmt":"2023-01-25T10:00:17","slug":"00299-2-2","status":"inherit","type":"attachment","link":"https:\/\/fondazionecrfirenze.it\/en\/00299-2-2\/","title":{"rendered":"PANDOLFO RESCHI"},"author":2,"featured_media":0,"comment_status":"closed","ping_status":"closed","template":"","meta":{"_acf_changed":false,"_uag_custom_page_level_css":""},"class_list":["post-47470","attachment","type-attachment","status-inherit","hentry"],"acf":[],"yoast_head":"<!-- This site is optimized with the Yoast SEO plugin v27.4 - https:\/\/yoast.com\/product\/yoast-seo-wordpress\/ -->\n<title>PANDOLFO RESCHI - Fondazione CR Firenze<\/title>\n<meta name=\"robots\" content=\"index, follow, max-snippet:-1, max-image-preview:large, max-video-preview:-1\" \/>\n<link rel=\"canonical\" href=\"https:\/\/fondazionecrfirenze.it\/wp-content\/uploads\/2021\/11\/00299-1.jpg\" \/>\n<meta property=\"og:locale\" content=\"en_US\" \/>\n<meta property=\"og:type\" content=\"article\" \/>\n<meta property=\"og:title\" content=\"PANDOLFO RESCHI - Fondazione CR Firenze\" \/>\n<meta property=\"og:description\" content=\"Pandolfo Reschi(Danzica 1643 circa \u2013 Firenze 1696)Veduta di Firenze con il fiume Arno\u00a0alle Cascine1675-1679olio su tela\" \/>\n<meta property=\"og:url\" content=\"https:\/\/fondazionecrfirenze.it\/wp-content\/uploads\/2021\/11\/00299-1.jpg\" \/>\n<meta property=\"og:site_name\" content=\"Fondazione CR Firenze\" \/>\n<meta property=\"article:modified_time\" content=\"2023-01-25T10:00:17+00:00\" \/>\n<meta property=\"og:image\" content=\"https:\/\/fondazionecrfirenze.it\/wp-content\/uploads\/2021\/11\/00299-1.jpg\" \/>\n\t<meta property=\"og:image:width\" content=\"873\" \/>\n\t<meta property=\"og:image:height\" content=\"554\" \/>\n\t<meta property=\"og:image:type\" content=\"image\/jpeg\" \/>\n<meta name=\"twitter:card\" content=\"summary_large_image\" \/>\n<script type=\"application\/ld+json\" class=\"yoast-schema-graph\">{\"@context\":\"https:\\\/\\\/schema.org\",\"@graph\":[{\"@type\":\"WebPage\",\"@id\":\"https:\\\/\\\/fondazionecrfirenze.it\\\/wp-content\\\/uploads\\\/2021\\\/11\\\/00299-1.jpg\",\"url\":\"https:\\\/\\\/fondazionecrfirenze.it\\\/wp-content\\\/uploads\\\/2021\\\/11\\\/00299-1.jpg\",\"name\":\"PANDOLFO RESCHI - Fondazione CR Firenze\",\"isPartOf\":{\"@id\":\"https:\\\/\\\/fondazionecrfirenze.it\\\/#website\"},\"datePublished\":\"2021-11-03T14:57:36+00:00\",\"dateModified\":\"2023-01-25T10:00:17+00:00\",\"breadcrumb\":{\"@id\":\"https:\\\/\\\/fondazionecrfirenze.it\\\/wp-content\\\/uploads\\\/2021\\\/11\\\/00299-1.jpg#breadcrumb\"},\"inLanguage\":\"en-US\",\"potentialAction\":[{\"@type\":\"ReadAction\",\"target\":[\"https:\\\/\\\/fondazionecrfirenze.it\\\/wp-content\\\/uploads\\\/2021\\\/11\\\/00299-1.jpg\"]}]},{\"@type\":\"BreadcrumbList\",\"@id\":\"https:\\\/\\\/fondazionecrfirenze.it\\\/wp-content\\\/uploads\\\/2021\\\/11\\\/00299-1.jpg#breadcrumb\",\"itemListElement\":[{\"@type\":\"ListItem\",\"position\":1,\"name\":\"Home\",\"item\":\"https:\\\/\\\/fondazionecrfirenze.it\\\/en\\\/\"},{\"@type\":\"ListItem\",\"position\":2,\"name\":\"PANDOLFO RESCHI\"}]},{\"@type\":\"WebSite\",\"@id\":\"https:\\\/\\\/fondazionecrfirenze.it\\\/#website\",\"url\":\"https:\\\/\\\/fondazionecrfirenze.it\\\/\",\"name\":\"Fondazione CR Firenze\",\"description\":\"Siamo un&#039;istituzione filantropica che opera sul territorio grazie agli utili del nostro patrimonio. La nostra Storia guarda al Futuro.\",\"potentialAction\":[{\"@type\":\"SearchAction\",\"target\":{\"@type\":\"EntryPoint\",\"urlTemplate\":\"https:\\\/\\\/fondazionecrfirenze.it\\\/?s={search_term_string}\"},\"query-input\":{\"@type\":\"PropertyValueSpecification\",\"valueRequired\":true,\"valueName\":\"search_term_string\"}}],\"inLanguage\":\"en-US\"}]}<\/script>\n<!-- \/ Yoast SEO plugin. -->","yoast_head_json":{"title":"PANDOLFO RESCHI - Fondazione CR Firenze","robots":{"index":"index","follow":"follow","max-snippet":"max-snippet:-1","max-image-preview":"max-image-preview:large","max-video-preview":"max-video-preview:-1"},"canonical":"https:\/\/fondazionecrfirenze.it\/wp-content\/uploads\/2021\/11\/00299-1.jpg","og_locale":"en_US","og_type":"article","og_title":"PANDOLFO RESCHI - Fondazione CR Firenze","og_description":"Pandolfo Reschi(Danzica 1643 circa \u2013 Firenze 1696)Veduta di Firenze con il fiume Arno\u00a0alle Cascine1675-1679olio su tela","og_url":"https:\/\/fondazionecrfirenze.it\/wp-content\/uploads\/2021\/11\/00299-1.jpg","og_site_name":"Fondazione CR Firenze","article_modified_time":"2023-01-25T10:00:17+00:00","og_image":[{"width":873,"height":554,"url":"https:\/\/fondazionecrfirenze.it\/wp-content\/uploads\/2021\/11\/00299-1.jpg","type":"image\/jpeg"}],"twitter_card":"summary_large_image","schema":{"@context":"https:\/\/schema.org","@graph":[{"@type":"WebPage","@id":"https:\/\/fondazionecrfirenze.it\/wp-content\/uploads\/2021\/11\/00299-1.jpg","url":"https:\/\/fondazionecrfirenze.it\/wp-content\/uploads\/2021\/11\/00299-1.jpg","name":"PANDOLFO RESCHI - Fondazione CR Firenze","isPartOf":{"@id":"https:\/\/fondazionecrfirenze.it\/#website"},"datePublished":"2021-11-03T14:57:36+00:00","dateModified":"2023-01-25T10:00:17+00:00","breadcrumb":{"@id":"https:\/\/fondazionecrfirenze.it\/wp-content\/uploads\/2021\/11\/00299-1.jpg#breadcrumb"},"inLanguage":"en-US","potentialAction":[{"@type":"ReadAction","target":["https:\/\/fondazionecrfirenze.it\/wp-content\/uploads\/2021\/11\/00299-1.jpg"]}]},{"@type":"BreadcrumbList","@id":"https:\/\/fondazionecrfirenze.it\/wp-content\/uploads\/2021\/11\/00299-1.jpg#breadcrumb","itemListElement":[{"@type":"ListItem","position":1,"name":"Home","item":"https:\/\/fondazionecrfirenze.it\/en\/"},{"@type":"ListItem","position":2,"name":"PANDOLFO RESCHI"}]},{"@type":"WebSite","@id":"https:\/\/fondazionecrfirenze.it\/#website","url":"https:\/\/fondazionecrfirenze.it\/","name":"Fondazione CR Firenze","description":"Siamo un&#039;istituzione filantropica che opera sul territorio grazie agli utili del nostro patrimonio. La nostra Storia guarda al Futuro.","potentialAction":[{"@type":"SearchAction","target":{"@type":"EntryPoint","urlTemplate":"https:\/\/fondazionecrfirenze.it\/?s={search_term_string}"},"query-input":{"@type":"PropertyValueSpecification","valueRequired":true,"valueName":"search_term_string"}}],"inLanguage":"en-US"}]}},"description":{"rendered":"<p class=\"attachment\"><a href='https:\/\/fondazionecrfirenze.it\/wp-content\/uploads\/2021\/11\/00299-1.jpg'><img loading=\"lazy\" decoding=\"async\" width=\"300\" height=\"190\" src=\"https:\/\/fondazionecrfirenze.it\/wp-content\/uploads\/2021\/11\/00299-1-300x190.jpg\" class=\"attachment-medium size-medium\" alt=\"\" srcset=\"https:\/\/fondazionecrfirenze.it\/wp-content\/uploads\/2021\/11\/00299-1-300x190.jpg 300w, https:\/\/fondazionecrfirenze.it\/wp-content\/uploads\/2021\/11\/00299-1-600x381.jpg 600w, https:\/\/fondazionecrfirenze.it\/wp-content\/uploads\/2021\/11\/00299-1-768x487.jpg 768w, https:\/\/fondazionecrfirenze.it\/wp-content\/uploads\/2021\/11\/00299-1.jpg 873w\" sizes=\"auto, (max-width: 300px) 100vw, 300px\" \/><\/a><\/p>\n<p>Pandolfo Reschi \u00e8 stato un pittore olandese attivo soprattutto a Roma. La tela appartiene al suo periodo fiorentino e proviene dalla importante collezione della famiglia Gerini, mecenati e protettori del pittore. Reschi per la prima volta sperimenta una veduta sulla citt\u00e0, mostrandosi quale anticipatore del gusto che avr\u00e0 cos\u00ec tanta fortuna nel secolo successivo. Il soggetto predominante \u00e8 ancora la natura, con questo imponente scorcio sul parco delle Cascine, ma si inizia a insinuare sullo sfondo un desiderio di raccontare della citt\u00e0, con un profilo pi\u00f9 che riconoscibile.<\/p>\n"},"caption":{"rendered":"<p><strong>Pandolfo Reschi<\/strong><br \/>(Danzica 1643 circa \u2013 Firenze 1696)<br \/><em>Veduta di Firenze con il fiume Arno<\/em>\u00a0<em>alle Cascine<\/em><strong><br \/><\/strong>1675-1679<br \/>olio su tela<\/p>\n"},"alt_text":"","media_type":"image","mime_type":"image\/jpeg","media_details":{"width":873,"height":554,"file":"2021\/11\/00299-1.jpg","sizes":{"medium":{"file":"00299-1-300x190.jpg","width":300,"height":190,"mime_type":"image\/jpeg","source_url":"https:\/\/fondazionecrfirenze.it\/wp-content\/uploads\/2021\/11\/00299-1-300x190.jpg"},"thumbnail":{"file":"00299-1-150x150.jpg","width":150,"height":150,"mime_type":"image\/jpeg","source_url":"https:\/\/fondazionecrfirenze.it\/wp-content\/uploads\/2021\/11\/00299-1-150x150.jpg"},"us_350_350_crop":{"file":"00299-1-350x350.jpg","width":350,"height":350,"mime_type":"image\/jpeg","source_url":"https:\/\/fondazionecrfirenze.it\/wp-content\/uploads\/2021\/11\/00299-1-350x350.jpg"},"us_600_600_crop":{"file":"00299-1-600x554.jpg","width":600,"height":554,"mime_type":"image\/jpeg","source_url":"https:\/\/fondazionecrfirenze.it\/wp-content\/uploads\/2021\/11\/00299-1-600x554.jpg"},"us_600_0":{"file":"00299-1-600x381.jpg","width":600,"height":381,"mime_type":"image\/jpeg","source_url":"https:\/\/fondazionecrfirenze.it\/wp-content\/uploads\/2021\/11\/00299-1-600x381.jpg"},"us_600_400_crop":{"file":"00299-1-600x400.jpg","width":600,"height":400,"mime_type":"image\/jpeg","source_url":"https:\/\/fondazionecrfirenze.it\/wp-content\/uploads\/2021\/11\/00299-1-600x400.jpg"},"us_768_0":{"file":"00299-1-768x487.jpg","width":768,"height":487,"mime_type":"image\/jpeg","source_url":"https:\/\/fondazionecrfirenze.it\/wp-content\/uploads\/2021\/11\/00299-1-768x487.jpg"},"full":{"file":"00299-1.jpg","width":873,"height":554,"mime_type":"image\/jpeg","source_url":"https:\/\/fondazionecrfirenze.it\/wp-content\/uploads\/2021\/11\/00299-1.jpg"}},"image_meta":{"aperture":"0","credit":"","camera":"","caption":"","created_timestamp":"1635406551","copyright":"Cristina Andolcetti","focal_length":"0","iso":"0","shutter_speed":"0","title":"","orientation":"0","keywords":[]}},"post":null,"source_url":"https:\/\/fondazionecrfirenze.it\/wp-content\/uploads\/2021\/11\/00299-1.jpg","_links":{"self":[{"href":"https:\/\/fondazionecrfirenze.it\/en\/wp-json\/wp\/v2\/media\/47470","targetHints":{"allow":["GET"]}}],"collection":[{"href":"https:\/\/fondazionecrfirenze.it\/en\/wp-json\/wp\/v2\/media"}],"about":[{"href":"https:\/\/fondazionecrfirenze.it\/en\/wp-json\/wp\/v2\/types\/attachment"}],"author":[{"embeddable":true,"href":"https:\/\/fondazionecrfirenze.it\/en\/wp-json\/wp\/v2\/users\/2"}],"replies":[{"embeddable":true,"href":"https:\/\/fondazionecrfirenze.it\/en\/wp-json\/wp\/v2\/comments?post=47470"}]}}

<p class="attachment"><a href='https://fondazionecrfirenze.it/wp-content/uploads/2021/11/00299-1.jpg'><img loading="lazy" decoding="async" width="300" height="190" src="https://fondazionecrfirenze.it/wp-content/uploads/2021/11/00299-1-300x190.jpg" class="attachment-medium size-medium" alt="" srcset="https://fondazionecrfirenze.it/wp-content/uploads/2021/11/00299-1-300x190.jpg 300w, https://fondazionecrfirenze.it/wp-content/uploads/2021/11/00299-1-600x381.jpg 600w, https://fondazionecrfirenze.it/wp-content/uploads/2021/11/00299-1-768x487.jpg 768w, https://fondazionecrfirenze.it/wp-content/uploads/2021/11/00299-1.jpg 873w" sizes="auto, (max-width: 300px) 100vw, 300px" /></a></p>
<p>Pandolfo Reschi è stato un pittore olandese attivo soprattutto a Roma. La tela appartiene al suo periodo fiorentino e proviene dalla importante collezione della famiglia Gerini, mecenati e protettori del pittore. Reschi per la prima volta sperimenta una veduta sulla città, mostrandosi quale anticipatore del gusto che avrà così tanta fortuna nel secolo successivo. Il soggetto predominante è ancora la natura, con questo imponente scorcio sul parco delle Cascine, ma si inizia a insinuare sullo sfondo un desiderio di raccontare della città, con un profilo più che riconoscibile.</p>
